ose 0 = 3*v + 3*n - 360, 4*v + 5*n - 254 - 221 = i. What is the greatest common factor of 25 and v?
25
Suppose 2*w - w = 0, 3*v + 2*w + 135 = 0. Let n be 46*(v/(-10))/9. What is the highest common divisor of n and 92?
23
Let f = 38 + -44. Let m be (64/f)/(11/(-33)). Suppose -11 - 21 = -2*z - 2*k, 80 = 5*z + 4*k. What is the highest common divisor of m and z?
16
Suppose 12 = 3*m + 6. Suppose -m*t + 2 + 10 = 0. Calculate the highest common factor of 15 and t.
3
Let h be (2 - -43)*(-200)/(-450). Calculate the greatest common divisor of 530 and h.
10
Let v be (0 - (-22)/(-8))/((-27)/216). Calculate the highest common divisor of 77 and v.
11
Let t = 615 - 225. What is the highest common factor of t and 10?
10
Suppose m = 11 - 7. Suppose -4*a = a + 2*t - 170, 4*a - 134 = -2*t. Let z = -16 + a. Calculate the greatest common divisor of m and z.
4
Let o = -243 - -338. What is the highest common factor of 76 and o?
19
Let z be ((-24)/16*2)/(-3). Calculate the greatest common factor of 10 and z.
1
Let w = 248 + -218. Calculate the highest common divisor of 190 and w.
10
Let x = 131 + -110. Suppose -p - 5*b - 12 = 0, -5*b = -b + 8. Let i = 1 - p. What is the greatest common divisor of i and x?
3
Suppose -a = -13 + 6. Suppose 2*i + a*i = 117. What is the greatest common factor of i and 26?
13
Suppose 4*l = 5*c - 288, -18*c = -16*c + 5*l - 135. What is the highest common divisor of c and 3180?
60
Let w(y) = -y**2 + 27*y + 77. Let c be w(29). Let q = -1918 - -2768. Suppose -4*u = j - 679, -3*u - j + q = 2*u. What is the highest common divisor of c and u?
19
Let y(f) = f + 8. Let x be y(-9). Let v be 92/6 + (-10)/(-6) + x. Suppose -2*p - 2 = -3*r + 4, -2*p = -2*r + 2. What is the highest common divisor of v and r?
4
Let y(w) = w**2 - 3*w - 5. Let b be y(-6). Suppose 2*m + 5*o = b, 69 + 21 = 3*m + 2*o. Suppose 13 = -4*k + 77. Calculate the highest common factor of m and k.
16
Suppose 12*s - 125 = 7*s. Let g(w) = w. Let z be g(3). Suppose -2*l + 750 = z*l. Calculate the greatest common divisor of s and l.
25
Let c(j) = 11*j**2 + 4*j - 4. Let h be c(2). What is the highest common divisor of 456 and h?
24
Let d = 219 + -149. Calculate the greatest common factor of d and 14.
14
Let d(j) = 69*j**2 - 10*j + 21. Let r be d(5). Calculate the highest common divisor of 53 and r.
53
Let h(r) = -2*r**3 - 6*r**2 - 3*r + 4. Let v be h(-4). Calculate the highest common factor of 72 and v.
24
Suppose b - 8 = -3, p - 24 = -5*b. Let t be 104/6 - -2 - p/(-3). What is the greatest common divisor of t and 152?
19
Let k = -24 - -28. Suppose 3*l - 9*l = -30. Suppose v = -k*y + 24, -2*v + l*y - 2*y = -48. Calculate the greatest common factor of v and 60.
12
Suppose 46*h - 30*h = -80. Let i(j) be the first derivative of j**4/4 + 4*j**3/3 - 7*j**2/2 + 1. Let g be i(h). What is the highest common factor of g and 50?
10
Suppose -278*q + 5*h = -274*q - 474, 5*h = 5*q - 590. What is the greatest common divisor of 928 and q?
116
Let w = -33 + 35. Suppose -w*c - 12 = -5*c. Suppose 2*d - 3*t = 53, -d - t + 20 = c*t. What is the highest common factor of 5 and d?
5
Let a(u) = u**3 + 4*u**2 - 5*u - 7. Let h be a(-5). Let i(s) = -5*s - 11. Let p be i(h). Calculate the greatest common factor of 60 and p.
12
Suppose 5*p - 3*l = 7*p - 249, -p + 112 = 4*l. Calculate the highest common factor of p and 84.
12
Let z(k) = -7*k**2 - 155*k - 20. Let v be z(-22). Calculate the greatest common factor of v and 38.
2
Let l(x) = -11*x + 342. Let t be l(29). Calculate the greatest common divisor of 667 and t.
23
Let m(c) = -4*c**2 - 4*c + 5. Let d be m(1). Let o(y) = 3*y + 16. Let x be o(d). Calculate the greatest common factor of 77 and x.
7
Let q(f) = f**2 + 2 + 6*f + 0*f + 4. Let c be q(-5). Suppose 3*y - 3 = -0. Calculate the highest common divisor of c and y.
1
Suppose 4*f - 45 = -f - 5*p, 3*f + 4*p = 32. Calculate the highest common factor of 212 and f.
4
Suppose 5*d - 15 = 10. Let i = 23 + -20. Suppose -i*w - 12 = -3*x, -2*w + 4*x = -d*w + 23. Calculate the highest common factor of 1 and w.
1
Let r be (-4)/(-10) - 118/(-5). Let b = -372 + 396. Calculate the greatest common divisor of b and r.
24
Suppose -3*f + 4*y - 412 = -1428, 2*f - 680 = 2*y. What is the highest common factor of 301 and f?
43
Let n = -4 + 13. Let t(y) = y**2 - 9*y + 7. Let a be t(n). Let p(v) = -v**2 + 6*v + 13. Let l be p(a). What is the greatest common factor of l and 6?
6
Let b = 925 - 921. What is the highest common factor of 37 and b?
1
Suppose p = a - 90, 2*a - 460 = -3*a - 5*p. What is the greatest common factor of 7 and a?
7
Let v(t) = 14*t**3 - t**2 - t - 1. Let u be v(2). Suppose -p - 140 = -5*p. What is the highest common factor of u and p?
35
Let v(k) = 2 + 5*k**2 - 6*k - 5*k**2 + 0 + 3*k**2. Let h be v(2). Calculate the highest common divisor of h and 22.
2
Let z be (-7)/(3 - 14/4). Let y be 3*z*(-3)/(-2). Suppose 5*o - 14 = 3*o. Calculate the greatest common divisor of y and o.
7
Let l = 26 - -14. Let z = -17 + l. Calculate the highest common factor of z and 161.
23
Let n = -50 + 75. Let s be (n - 0) + 3/(-1). Let l be (-29552)/(-192) + (-3)/(-36). Calculate the greatest common divisor of s and l.
22
Let k = 136 + -131. Suppose -34 = -k*i + 4*j + 10, -2*i + 5*j = -21. Calculate the highest common divisor of i and 56.
8
Let w(p) = -p**3 + 7*p**2 - 11*p + 13. Let x be w(5). Calculate the highest common divisor of x and 6.
2
Let k = -52 - -61. Suppose k*r - 13*r - 8 = -4*o, -r + 28 = 5*o. Calculate the highest common divisor of 9 and r.
3
Let i(q) = -q**2 - 11*q - 8. Let x be i(-10). Let h be (4 - x - -2) + 36. Calculate the highest common divisor of h and 100.
20
Let o = -228 - -237. Calculate the greatest common factor of o and 39.
3
Suppose -4*m + 2 = -30. Let y be (m/12)/(6/45). Suppose 6*b - 7 = y*b. Calculate the greatest common divisor of b and 28.
7
Suppose j - 433 = -3*m + 184, 3*m + 2*j = 613. Calculate the highest common factor of 138 and m.
69
Let t = 24 + -22. Suppose -3*s + 0*s = -5*l + 977, t*l - 393 = -s. Calculate the highest common divisor of l and 28.
28
Suppose -3*q = -4*q + 6. Let t(j) = j**2 - 2*j - 19. Let a be t(q). Suppose a*d - 3 - 17 = 0. What is the highest common factor of d and 2?
2
Let w be (-2)/(-24) - (-136409)/1092. Calculate the greatest common factor of 275 and w.
25
Let j = -50 + 298. Let m = j + -158. Let s(a) = a**3 + 12*a**2 - 14*a + 5. Let y be s(-13). What is the greatest common factor of y and m?
18
Let u = -26 + 38. Let q = 107 - 105. Suppose -4 = -a + q. What is the greatest common divisor of a and u?
6
Suppose 0 = -3*h + 2*t + 350 + 680, h - 5*t = 352. What is the greatest common factor of 2 and h?
2
Let f = -507 + 702. Calculate the highest common factor of 75 and f.
15
Suppose 0*z = 2*z - 6, -2*v - z - 9 = 0. Let h = 18 - v. Suppose 3*s - h - 21 = 0. What is the highest common factor of s and 15?
15
Let p(i) = i**3 + 16*i**2 + 21*i - 54. Let d be p(-12). Calculate the highest common factor of d and 360.
90
Let y = 33 + -5. Suppose -7*j + 5*j + y = 0. What is the highest common factor of j and 14?
14
Let v(i) = -i**3 - 51*i**2 - 106*i - 250. Let y be v(-49). Calculate the greatest common factor of y and 2059.
71
Suppose 72 + 216 = 9*u. What is the greatest common divisor of u and 464?
16
Suppose -c + 108 = -4*f, 480 = 5*c - 3*f - 2*f. Calculate the highest common divisor of c and 4.
4
Suppose -5*h = -27 + 2. Suppose -d + 21 + 52 = 5*j, h*j + 2*d = 76. Calculate the greatest common divisor of j and 154.
14
Let r(x) = -x**3 - 5*x**2 - 2*x + 5. Let w be r(-4). Let z be 8/(-52) + w + (-3908)/(-52). What is the highest common divisor of z and 108?
36
Let z be ((-2)/4)/(13/(-78)). Let o(y) = y**3 - 4*y**2 + y + 5. Let x be o(3). Let k be (7 - (-2)/x)*3. What is the greatest common factor of k and z?
3
Suppose -4*k = -3*v - 240, 17*k + 4*v = 22*k - 299. Calculate the highest common factor of k and 14.
7
Let i = 80 - 48. Let h be (-5 + -1)/((-95)/20 - -4). Calculate the greatest common factor of h and i.
8
Let o(r) = 25*r**2 + 3*r - 1. Let y be o(2). Let s be (1881/190)/(-33) - 306/(-20). What is the highest common divisor of y and s?
15
Let o(j) = -4*j**2 - 288*j + 36. Let f be o(-72). What is the highest common divisor of f and 996?
12
Let z(m) = 5*m**2 - 49*m - 3. Let u be z(10)